hat is the greatest common factor of 300 and j?
60
Suppose -11*x = 15 + 7. Let u(f) = -11*f + 10. Let b be u(x). Calculate the greatest common factor of b and 80.
16
Let k(f) = -f + 13. Let i be k(10). Suppose -q = i*q - 160. Suppose 2*a + q + 24 = t, 88 = t + 4*a. Calculate the greatest common divisor of t and 8.
8
Let x = -430 + 473. Calculate the highest common factor of x and 473.
43
Let m = -35 - -40. Suppose 0*d + 5 = -m*d, -d = 3*s - 26. What is the greatest common factor of s and 1?
1
Let y = -74 + 76. Calculate the greatest common divisor of y and 118.
2
Suppose -3*z + 5*z = 4. Suppose 135 = -0*j + 45*j. Calculate the greatest common factor of z and j.
1
Let a be -3*(-3 - 2)*2. Calculate the greatest common factor of a and 240.
30
Let g = 265 + -262. What is the highest common factor of 51 and g?
3
Let g be (-6 - 4)/(3 + 100/(-32)). Calculate the highest common divisor of g and 128.
16
Let m be 0/(2/(-2)) - -4. Suppose -136*c = 147*c - 5660. What is the greatest common divisor of c and m?
4
Let a(d) = 255*d**2 + 1. Let z be a(1). Calculate the highest common factor of z and 16.
16
Let g be (-93)/((-9)/(9/3)). Suppose g - 19 = 2*n. Let u be ((-1)/2)/(1/(-96)). What is the greatest common factor of n and u?
6
Let q(j) = 4*j**2 - 7*j + 4. Let u(h) = -7*h**2 + 13*h - 7. Let p(i) = 5*q(i) + 3*u(i). Let b be p(3). What is the greatest common divisor of b and 20?
2
Let v = 58 + -32. Suppose y = 78 - 13. Calculate the greatest common factor of v and y.
13
Let j(n) = -2*n**3 - 4*n**2 + 16*n + 37. Let z be j(-4). Calculate the highest common divisor of z and 111.
37
Let k be 1*37 - (3 + 0). Let j be (-14)/(-7)*k/4. Let b = 9 + j. Calculate the greatest common divisor of 13 and b.
13
Suppose 2*q - 122 = -100. What is the greatest common factor of 319 and q?
11
Let c be -3*6*(-75)/6. Let y be (15/(-10))/((-5)/((-500)/(-6))). What is the greatest common factor of y and c?
25
Suppose b + 0*q + 4*q = 212, 0 = -b + q + 197. Let x(i) = -8*i**2 - 71*i - 36. Let n be x(-8). Calculate the greatest common factor of n and b.
20
Let b = 91 + -137. Let h be 2/(-3) - 645/(-9). Let j = h + b. Calculate the highest common divisor of 5 and j.
5
Let d be 3/(-6)*(-1 - 7). Let z be d/10*(2 + 4 + 44). Let x(n) = n**3 + 6*n**2 - 2*n + 8. Let l be x(-6). What is the greatest common factor of l and z?
20
Suppose -z + 33 = -51. Let x = -9 - -29. Suppose b + b = -2*o + 22, 2*o + 4*b = x. What is the greatest common factor of z and o?
12
Let g(p) = p**3 - 14*p**2 + 9*p + 19. Let n be g(14). Calculate the highest common factor of n and 5.
5
Let g be (85/(-34))/(5/(-396)). What is the greatest common divisor of 54 and g?
18
Let p(m) = m**3 + 2*m**2 + 2*m + 5. Let o be p(0). Suppose 0 = 2*l - 8. Suppose l = d - 1. What is the greatest common divisor of o and d?
5
Let p be ((-9)/(-2))/((-114)/(-152)). Calculate the greatest common factor of 24 and p.
6
Let p = 124 + -39. Suppose -3 = g + 4*z, -g + 0*g + 2*z + 27 = 0. What is the highest common divisor of p and g?
17
Let c be 6*66/27 - 18/27. Suppose -2*v = -3*v, 3*z = -5*v + 105. What is the highest common factor of z and c?
7
Let g(w) = -16*w**3 - 3*w**2 + 13*w + 36. Let t be g(-4). What is the highest common factor of t and 32?
32
Suppose -9*l + 3763 - 739 = 0. What is the greatest common divisor of l and 63?
21
Suppose 2*r - 2*d = 3*d - 7, 2*r = -4*d + 20. Let a = -12 + 12. Suppose a = 2*w + 2, -x = -0*x + 5*w + 1. Calculate the greatest common divisor of x and r.
4
Let t = 24 + -2. Let n = 127 - 33. Let v = 149 - n. Calculate the greatest common factor of v and t.
11
Let s(w) = -10*w - 62. Let t be s(-29). Calculate the greatest common factor of t and 24.
12
Let d = 148 - 143. Suppose -5*w - 69 = -3*p - 2*w, 2*p - 40 = d*w. Calculate the highest common factor of 15 and p.
5
Let b be (2*(-6)/(-16))/(51/408). Let i be (-182)/2 + (-2 - -1). Let q = 140 + i. What is the highest common factor of q and b?
6
Suppose -2*j + 4*j - 6 = 0. Suppose j*p - 96 = -0*p. Let u = -18 + p. Calculate the greatest common factor of 35 and u.
7
Suppose -6*o + 74 + 124 = 0. What is the greatest common factor of 297 and o?
33
Let v be ((-24)/16)/((-1)/(-2)). Let l = 7 + v. Suppose 4*u - m - 49 = -4, -l*m + 20 = 4*u. What is the highest common factor of u and 10?
10
Let b(v) = 224*v**2 - 8*v - 19. Let n be b(-2). Calculate the highest common divisor of n and 57.
19
Let b = 540 - 356. Calculate the greatest common divisor of b and 8.
8
Suppose -351 = -s + y, -5*s - 3*y - 2*y = -1775. Suppose -4*m - 29 = -s. Calculate the greatest common divisor of 9 and m.
9
Let o(f) = -123*f - 127. Let j be o(-6). What is the highest common factor of 47 and j?
47
Let a(m) = -11*m**2 - 1. Let l be a(-1). Let u = 39 + l. Let c(y) = y**3 + 15*y**2 + 2*y + 48. Let v be c(-14). What is the greatest common factor of v and u?
27
Let a be 2/(-7) - (-20)/(-28). Suppose -t + 5*t = -356. Let l = a - t. What is the highest common factor of 11 and l?
11
Let t(s) = -s + 2. Let w be t(-4). Let q(l) = 8*l - 18. Let y be q(w). Calculate the greatest common divisor of y and 150.
30
Let l = 441 + -426. Let t(u) = 14*u + 7. Let h be t(7). Calculate the highest common factor of h and l.
15
Suppose 7 = 3*l - 5. Suppose l + 14 = 6*c. What is the highest common factor of c and 2?
1
Let r(y) = 7*y - 10. Let h be r(6). Let u(m) = 4*m**2 - m + 2. Let d be u(2). Calculate the highest common factor of h and d.
16
Let b = -13 + 17. Suppose -b - 1 = -n. What is the highest common divisor of n and 15?
5
Let o be (1 + 4)/(-1 - 30/(-25)). Suppose o*c - 378 = 16*c. Calculate the greatest common factor of c and 14.
14
Let v = -9757 - -15665. Suppose q + 2*w + 1470 = 4*w, 4*q = w - v. Let j be (-3)/9 + q/(-6). Calculate the greatest common divisor of j and 41.
41
Let i(j) = -j**3 + 2*j**2 + 5*j - 6. Let x be i(3). Let h(o) = -o + o**2 - o + 3*o + 125. Let u be h(x). What is the highest common factor of u and 25?
25
Let f = -18 - -9. Let b be f + 2 + 3*-1. Let i = b - -16. Calculate the greatest common divisor of i and 3.
3
Let q be ((-160)/(-60))/(3/54). Let u(x) = -x**2 + 38. Let n be u(0). Suppose -6 + n = m. What is the highest common factor of m and q?
16
Let y be 46/10 + 32/(-20) + 2. Suppose -4*j + j = 12, -y*j = 5*p - 100. Suppose -36 = -6*h + 5*h. Calculate the greatest common factor of h and p.
12
Let k = -59 + 81. Suppose -2*b - 2 = 4*a, -7*a + 5*b = -2*a - 35. What is the greatest common factor of a and k?
2
Suppose -3*w - 17 = 10. Let j(p) = 3*p + 3. Let u be j(w). Let d = -12 - u. What is the greatest common factor of 3 and d?
3
Let f = 3060 - 2995. Calculate the greatest common factor of 26 and f.
13
Let v be -2 - (30 - 5)/(-5). Let s be (2/4)/(v + (-41)/14). Calculate the highest common divisor of 49 and s.
7
Let o be 4/(-6)*(-870)/20. Calculate the greatest common factor of 4901 and o.
29
Let f(w) = -41*w - 84. Let v be f(-3). What is the greatest common divisor of v and 156?
39
Let l(v) = v + 55. Let m be l(0). Let z be (44/m)/((-1)/(-5)). Let h be (z/8)/(2/44). Calculate the highest common factor of h and 55.
11
Suppose -5*l + 75 = -4*l + 5*h, 4*l - 3*h = 323. Let z be 10*((-4)/(-10) - (-288)/l). Calculate the greatest common divisor of z and 320.
40
Let a be 14/3*12/(-8). Let j be 23 - (a - (-1 + -3)). Calculate the greatest common divisor of j and 78.
26
Suppose -5*n - 61 = -10*n + 4*i, 0 = -n - 3*i - 3. What is the greatest common factor of n and 321?
3
Suppose -3*z + 12 = 7*d - 2*d, z = 2*d + 4. Suppose -z*w + 169 = -151. Calculate the highest common factor of w and 10.
10
Let g be -333*4/(-42) - 2/(-7). Suppose 4*d - 47 = -3*n, 3*n - g = 7*d - 8*d. Calculate the greatest common factor of 18 and n.
9
Let d(l) = l**2 + 5*l + 1. Let a = 41 + -46. Let q be d(a). Let m be (-22)/(3*6/(-9)). What is the highest common factor of q and m?
1
Let v = 416 + -372. Calculate the highest common factor of v and 176.
44
Suppose -5*a - 1 + 11 = 0, -5*a - 24 = -2*z. Suppose 187*i = -3*w + 182*i + 36, -i - 3 = 0. What is the greatest common factor of w and z?
17
Suppose 5*o = 9*o - 40. Suppose r - 9 + o = 0. Let u be (-2 + 1)*(r + -7). Calculate the highest common divisor of 88 and u.
8
Let s = -389 - -511. Calculate the highest common factor of s and 671.
61
Let i = -813 + 867. What is the hi